d**2 + 9*d - 14. Let q be g(7). Suppose q = f + 2*f - 39. Calculate the highest common factor of 65 and f.
13
Suppose 2*r = -4*o + 14, 5*r - 6*o + 2*o = 7. Let v(m) = -m**2 + 2*m - 1. Let a be v(3). Let j = a - -7. What is the highest common divisor of r and j?
3
Let w be ((-2)/(-4))/(1/(-2)). Let s be 13 + w - (-3)/1. Suppose -5 = -2*u + 265. Calculate the highest common factor of u and s.
15
Suppose -i + 5*l - l = 21, -5*i + 4*l - 41 = 0. Let d be ((-2)/i)/((-2)/(-30)). Calculate the greatest common divisor of d and 15.
3
Let z = 64 + -26. Let c(m) = m**3 + 7*m**2 - 4*m - 3. Let l be c(-6). Suppose -3*i = -2*i - l. What is the greatest common divisor of z and i?
19
Let s = -61 - -105. Calculate the highest common factor of 11 and s.
11
Let v(s) be the second derivative of s**5/20 + 5*s**4/12 - 4*s**3/3 - 5*s**2/2 + 2*s. Let l be v(-5). What is the greatest common divisor of 7 and l?
7
Let z be 41*(2 - 3)*-10. Suppose 0*x = l + x - 100, -2*x + z = 4*l. What is the greatest common divisor of l and 15?
15
Let o be (-1)/3 + 255/9. Suppose 0*r = 3*r + 57. Let c = r + o. Calculate the highest common divisor of c and 45.
9
Let v be 6/(-9)*372/(-8). Calculate the greatest common factor of 155 and v.
31
Let m be (10/(-4))/(4/(-8)). Suppose -4 = 2*d, m*d - 30 = -2*q - 3*q. What is the highest common factor of 12 and q?
4
Let w = -6 - -4. Let o = w - -7. Suppose 0 = o*p - 108 + 3. What is the greatest common factor of p and 14?
7
Let j = -13 + 53. What is the highest common factor of j and 30?
10
Let d(u) = -u**3 - 12*u**2 - 11*u + 4. Let z be d(-12). What is the highest common factor of 17 and z?
17
Let g be (-14)/(-49) + 72/(-7). Let z be ((-28)/8 - -3)*g. What is the greatest common divisor of 35 and z?
5
Let f = -75 - -131. Suppose 3*s + s = f. Let j(o) = 2*o - 6. Let v be j(4). What is the greatest common divisor of s and v?
2
Suppose x = 76 - 12. What is the greatest common factor of x and 16?
16
Suppose -5*l + 79 = 24. Let q = l - 4. Calculate the greatest common divisor of 21 and q.
7
Suppose -2*t = 2*t - 160. Calculate the greatest common divisor of t and 5.
5
Let f = -81 - -134. What is the highest common factor of f and 265?
53
Let u be (-1)/5 + 66/30. Suppose -u*z = -28 + 4. Let x be z/(-20) + 133/5. Calculate the highest common divisor of x and 39.
13
Suppose 0 = a + 1 - 21. What is the highest common divisor of a and 8?
4
Suppose -2*f + 22 = 3*s, 0*f + 3*s = -f + 14. Let b(q) = -q**3 - q**2 - q. Let a be b(-1). Calculate the highest common divisor of a and f.
1
Let f(a) = -a**2 + 6*a - 6. Let x be f(4). Let y = 2 - 0. Calculate the highest common divisor of y and x.
2
Let i(m) = -m**3 + m - 18. Let g be i(0). Let w = 26 + g. Calculate the highest common divisor of 8 and w.
8
Suppose -18*c + 7 = -17*c. Calculate the greatest common factor of c and 35.
7
Suppose 2 = 2*h + 22. Let c be 3*h*21/(-18). Calculate the highest common divisor of 14 and c.
7
Suppose -2*i = 7 - 27. Suppose i = -4*s + 5*s. Let m be -2 - (-2 - (-60)/(-3)). What is the highest common factor of m and s?
10
Suppose 0 = -3*h - 9, 3*w - 15 = h - 3. Let z = 5 - w. Suppose -z*i + 50 = 2. What is the greatest common divisor of 36 and i?
12
Let f be (-104)/10*(-12 + 2). Let m = -220 + 665. Let i be 4/14 - m/(-35). Calculate the greatest common divisor of i and f.
13
Suppose 6*h = 2*h + 32. Suppose 8 = -2*z - h. Let u be (z/20)/((-1)/10). What is the highest common factor of 10 and u?
2
Suppose -2 = -3*z - 2*r - 2*r, 0 = 4*r + 4. Suppose 2*a = -z*a. Suppose a = -7*x + 2*x + 70. What is the greatest common divisor of 14 and x?
14
Let d(h) = h**2 - 7*h + 5. Let u(n) = 2*n**3 - n**2 - 4*n + 3. Let z be u(2). Let s be d(z). Calculate the greatest common factor of s and 5.
5
Let u be (-572)/(-77) + (-4)/(-7). Let v be 76/3 + u/(-6). Calculate the greatest common divisor of v and 36.
12
Suppose -4*a + 21 = -3*a. Let d be (-8)/4 - 86/(-1). What is the greatest common factor of a and d?
21
Let p be -3 - (-3 - -2)*157. Let f be (-2)/5 - p/(-10). What is the highest common factor of f and 120?
15
Let p(z) = -9*z**3 + 3*z**2 - z. Let b be p(2). Let h = -95 - b. Let g be (2*-7)/(6/h). What is the greatest common divisor of 11 and g?
11
Suppose -11*w = -7*w - 68. Let r = -4 - 1. Let n = r + w. Calculate the greatest common factor of n and 12.
12
Let j = 70 - 105. Let t = j + 25. Let i(a) = -a**2 - 11*a + 10. Let w be i(t). What is the greatest common divisor of 8 and w?
4
Let o = 7 + -5. Suppose 2*n - 165 = 3*s, 322 = 4*n + o*s - 0*s. Calculate the highest common divisor of 27 and n.
27
Suppose b = -4*b - 625. Let w = -85 - b. Calculate the greatest common divisor of w and 16.
8
Let w = 70 + -40. Calculate the highest common divisor of w and 12.
6
Let t(v) = -v**3 - v + 9. Let c be t(0). Suppose 0 = w - 5 + 4. Let u be (5/(-3))/(w/(-27)). What is the greatest common factor of u and c?
9
Let q be -4 + (103 - (12/(-2))/(-2)). Suppose 0 = 4*y + 41 + 7. Let b be (y/(-7))/(1/7). Calculate the greatest common divisor of b and q.
12
Let d = -3 + 2. Let w = -7 - -16. Let z be ((-3)/w)/(d/12). What is the greatest common factor of z and 16?
4
Let b be (280/30)/((-4)/(-18)). Calculate the highest common divisor of 378 and b.
42
Let a = -6 + 0. Let f be (-65)/a - 2/(-12). Let u = 33 - -66. Calculate the highest common divisor of u and f.
11
Suppose -2*h - 51 = -5*h. Let r be 84 + (-1 - (1 - 3)). What is the highest common factor of h and r?
17
Let b be 50/1 - 28/7. Let d be 87*1/9*3. Let i = b - d. Calculate the greatest common divisor of 187 and i.
17
Let w(i) = -i**3 + 88 + 17 + 2*i**3 + i. Let y be w(0). What is the highest common factor of 15 and y?
15
Let p(m) = -11*m - 55. Let c be p(-16). What is the greatest common divisor of c and 11?
11
Let t(z) = z**3 + 7*z**2 - 7*z + 8. Let g be t(-8). Suppose g = -4*q + q, 15 = k - 4*q. Suppose -85 = -5*f + 65. What is the greatest common factor of f and k?
15
Let y(q) = -3*q**3 + 2*q**3 + 5*q**2 + 3*q**2 - 3*q - 4*q**2. Let m be y(3). Suppose -3*b - b + 68 = m. What is the greatest common divisor of b and 187?
17
Let z(v) = v**2 - 12. Let c be z(4). Suppose -2*a + 4*a = c. Suppose q - 1 = 3. What is the greatest common divisor of q and a?
2
Let v(r) = r**2 - 3*r + 4. Let q be v(5). Let x = 16 + -2. What is the highest common divisor of x and q?
14
Suppose 0 = -5*h - 4*i + 37, 16 = 3*h + 2*h - 3*i. Let x(j) = 3*j - 2*j**2 - j**3 - j - j - 1. Let c be x(-3). What is the highest common factor of c and h?
5
Suppose -3*s - 4*x + 141 = -x, -3*s = 5*x - 139. Suppose 0 = 2*u - 5*u + s. Let j = -218 + 346. What is the greatest common factor of u and j?
16
Suppose -4*m + 152 = 4*c - 76, 3*m - 47 = -c. What is the highest common divisor of c and 31?
31
Let l(m) = -2*m**3 + 12*m**2 + m + 5. Let a be l(5). Let h = 24 + 16. What is the greatest common factor of h and a?
20
Let y(k) = 8*k**2 + k. Let s be y(-2). Let d be 1354/18 + (-4)/18. What is the greatest common factor of s and d?
15
Let l(k) = -k**2 - 22*k - 9. Let p be l(-18). Calculate the greatest common divisor of p and 7.
7
Let j(y) = -y**3 + 15*y**2 - 11*y - 12. Let f be j(14). Calculate the greatest common factor of f and 240.
30
Let j = 11 - -165. Let f be ((-9)/4)/((-33)/j). Calculate the greatest common divisor of 36 and f.
12
Suppose -w - 2*q = -0*w - 2, 0 = -w - 4*q - 4. Let x be 78/w - (-6)/(-8). What is the greatest common divisor of 72 and x?
9
Let y(j) = j**2 + 3*j - 4. Let q be y(-5). Suppose 2*b - 2 = q. Suppose 0 = -b*p + 6*p - 120. Calculate the highest common divisor of p and 12.
12
Suppose -15 + 10 = -5*f. Calculate the highest common divisor of f and 2.
1
Suppose -f + 2 - 3 = 0. Let j be (f + 5)/4*3. Calculate the highest common divisor of j and 21.
3
Suppose -2 = 2*l + 2. Let m be -3 + (-1)/(l/18). Suppose -5*g + m*g - 15 = 0. Calculate the greatest common factor of 75 and g.
15
Let b = 5 + -3. Let r be 6/(-4)*(5 - 9). Suppose -3*v + r = -2*u - 4, -2*v + 11 = 3*u. Calculate the greatest common factor of b and u.
1
Suppose -9 = 3*x, -4*z - 2*x + 70 = -0*z. What is the greatest common divisor of z and 95?
19
Suppose 42 = q + 5*q. Calculate the greatest common factor of q and 35.
7
Suppose 22 = 3*s - a, 3*s - 14 = -3*a + 16. Suppose -18 + 7 = -n. Let u be (1 + n)/((-6)/(-4)). Calculate th